hen 16922 is divided by 4226.
18
Calculate the remainder when 239092 is divided by 209.
205
Calculate the remainder when 6643 is divided by 832.
819
What is the remainder when 628288 is divided by 28?
24
Calculate the remainder when 3537813 is divided by 5.
3
What is the remainder when 1201 is divided by 143?
57
What is the remainder when 7181 is divided by 378?
377
Calculate the remainder when 9571 is divided by 239.
11
Calculate the remainder when 2105 is divided by 387.
170
What is the remainder when 24590 is divided by 2454?
50
What is the remainder when 14398 is divided by 620?
138
Calculate the remainder when 110545 is divided by 110542.
3
What is the remainder when 22370 is divided by 35?
5
What is the remainder when 117695 is divided by 853?
834
What is the remainder when 192364 is divided by 48091?
0
Calculate the remainder when 5114 is divided by 557.
101
Calculate the remainder when 149941 is divided by 65.
51
Calculate the remainder when 264460 is divided by 264449.
11
Calculate the remainder when 26111 is divided by 68.
67
Calculate the remainder when 1467 is divided by 709.
49
Calculate the remainder when 21781 is divided by 560.
501
What is the remainder when 193508 is divided by 48375?
8
Calculate the remainder when 28128 is divided by 324.
264
What is the remainder when 90847 is divided by 68?
67
What is the remainder when 1916 is divided by 218?
172
Calculate the remainder when 321 is divided by 69.
45
What is the remainder when 175049 is divided by 15?
14
What is the remainder when 5440 is divided by 13?
6
What is the remainder when 4790 is divided by 74?
54
What is the remainder when 13204 is divided by 6598?
8
What is the remainder when 145763 is divided by 475?
413
Calculate the remainder when 1530 is divided by 638.
254
Calculate the remainder when 458 is divided by 12.
2
What is the remainder when 1808770 is divided by 21?
19
Calculate the remainder when 157441 is divided by 625.
566
Calculate the remainder when 3073329 is divided by 29.
25
Calculate the remainder when 2134 is divided by 179.
165
What is the remainder when 887 is divided by 39?
29
What is the remainder when 11607 is divided by 11588?
19
What is the remainder when 3231 is divided by 203?
186
What is the remainder when 5284 is divided by 147?
139
Calculate the remainder when 40884 is divided by 106.
74
What is the remainder when 64347 is divided by 429?
426
Calculate the remainder when 11554 is divided by 2.
0
Calculate the remainder when 38376 is divided by 248.
184
Calculate the remainder when 7301 is divided by 1459.
6
What is the remainder when 5494 is divided by 54?
40
Calculate the remainder when 2530 is divided by 40.
10
Calculate the remainder when 355198 is divided by 659.
656
Calculate the remainder when 9274 is divided by 2547.
1633
Calculate the remainder when 7336 is divided by 7326.
10
What is the remainder when 239235 is divided by 51?
45
What is the remainder when 1615 is divided by 505?
100
What is the remainder when 677 is divided by 335?
7
Calculate the remainder when 15699 is divided by 448.
19
What is the remainder when 22977 is divided by 1062?
675
What is the remainder when 16314057 is divided by 1519?
1516
What is the remainder when 3863563 is divided by 15?
13
What is the remainder when 16254 is divided by 22?
18
Calculate the remainder when 1496 is divided by 99.
11
Calculate the remainder when 135069 is divided by 6.
3
Calculate the remainder when 6799 is divided by 124.
103
What is the remainder when 3422 is divided by 1133?
23
What is the remainder when 118135 is divided by 13125?
10
What is the remainder when 2971 is divided by 78?
7
What is the remainder when 44994 is divided by 250?
244
What is the remainder when 1877 is divided by 432?
149
What is the remainder when 6726 is divided by 2168?
222
Calculate the remainder when 3263 is divided by 66.
29
Calculate the remainder when 30992 is divided by 63.
59
What is the remainder when 5357 is divided by 7?
2
What is the remainder when 2250 is divided by 214?
110
What is the remainder when 32230 is divided by 6442?
20
Calculate the remainder when 6440 is divided by 466.
382
What is the remainder when 75150 is divided by 339?
231
Calculate the remainder when 19382 is divided by 213.
212
What is the remainder when 69681 is divided by 21?
3
What is the remainder when 677649 is divided by 26063?
11
Calculate the remainder when 2590 is divided by 2553.
37
What is the remainder when 174213 is divided by 89?
40
What is the remainder when 3335 is divided by 376?
327
Calculate the remainder when 2777724 is divided by 21.
12
Calculate the remainder when 2807 is divided by 591.
443
Calculate the remainder when 173565 is divided by 169.
2
Calculate the remainder when 4621 is divided by 727.
259
What is the remainder when 78601 is divided by 39277?
47
What is the remainder when 2835 is divided by 548?
95
Calculate the remainder when 31369 is divided by 6168.
529
Calculate the remainder when 949 is divided by 167.
114
What is the remainder when 2145 is divided by 1528?
617
Calculate the remainder when 117558 is divided by 84.
42
What is the remainder when 68934 is divided by 312?
294
Calculate the remainder when 2310 is divided by 1141.
28
What is the remainder when 3179 is divided by 1587?
5
What is the remainder when 2745 is divided by 22?
17
What is the remainder when 1045 is divided by 288?
181
What is the remainder when 4871 is divided by 617?
552
Calculate the remainder when 253471 is divided by 343.
337
Calculate the remainder when 369021 is divided by 81.
66
Calculate the remainder when 1008 is divided by 818.
190
What is the remainder when 5570 is divided by 328?
322
What is the remainder when 27066 is divided by 92?
18
What is the remainder when 1376198 is divided by 661?
657
Calculate the remainder when 33206 is divided by 3442.
2228
Calculate the remainder when 92671 is divided by 45.
16
What is the remainder when 64208 is divided by 369?
2
Calculate the remainder when 13739 is divided by 878.
569
Calculate the remainder when 4576 is divided by 2179.
218
Calculate the remainder when 321 is divided by 244.
77
Calculate the remainder when 9292 is divided by 7.
3
Calculate the remainder when 1578723 is divided by 18.
15
Calculate the remainder when 23297 is divided by 2573.
140
What is the remainder when 1344167 is divided by 36?
35
What is the remainder when 302256 is divided by 135?
126
What is the remainder when 2237 is divided by 773?
691
What is the remainder when 33393 is divided by 321?
9
Calculate the remainder when 46261 is divided by 4205.
6
Calculate the remainder when 61674 is divided by 7.
4
Calculate the remainder when 1745 is divided by 436.
1
What is the remainder when 14033 is divided by 368?
49
Calculate the remainder when 15459 is divided by 5153.
0
Calculate the remainder when 824348 is divided by 108.
92
What is the remainder when 5411 is divided by 86?
79
Calculate the remainder when 1709940 is divided by 32.
20
Calculate the remainder when 569278 is divided by 3028.
14
Calculate the remainder when 9953 is divided by 89.
74
What is the remainder when 224037 is divided by 81?
72
What is the remainder when 204744 is divided by 139?
136
Calculate the remainder when 24838 is divided by 174.
130
Calculate the remainder when 2560 is divided by 1183.
194
Calculate the remainder when 131403 is divided by 1931.
95
What is the remainder when 104 is divided by 2?
0
What is the remainder when 189649 is divided by 94821?
7
What is the remainder when 181713 is divided by 228?
225
Calculate the remainder when 223678 is divided by 436.
10
What is the remainder when 1047 is divided by 617?
430
What is the remainder when 8271 is divided by 260?
211
What is the remainder when 358145 is divided by 606?
605
What is the remainder when 13897 is divided by 13885?
12
Calculate the remainder when 20727 is divided by 1229.
1063
What is the remainder when 106 is divided by 85?
21
What is the remainder when 942799 is divided by 314260?
19
Calculate the remainder when 13149 is divided by 12991.
158
What is the remainder when 13635 is divided by 15?
0
Calculate the remainder when 1823 is divided by 18.
5
What is the remainder when 14551 is divided by 14550?
1
What is the remainder when 4